 14) to base 7
540
What is -1200101100 (base 3) in base 7?
-165312
Convert 8dee (base 16) to base 5.
2130314
Convert 337 (base 10) to base 12.
241
-75886 (base 9) to base 15
-ed83
-220101 (base 3) to base 13
-3b8
334131 (base 5) to base 12
69a7
What is 114db (base 14) in base 9?
63718
What is -120111010 (base 3) in base 6?
-124133
Convert -1243 (base 5) to base 13.
-123
Convert -11122 (base 5) to base 12.
-557
Convert c18 (base 15) to base 8.
5243
22253 (base 6) to base 14
11d7
-5330 (base 7) to base 2
-11101011011
Convert 231111 (base 4) to base 14.
10b3
Convert -1657 (base 12) to base 6.
-20151
What is -2231112 (base 5) in base 16?
-9a6c
-308 (base 12) to base 5
-3230
What is -2550 (base 8) in base 10?
-1384
What is -1213110 (base 6) in base 16?
-fac2
-1102 (base 6) to base 5
-2004
What is -2c56 (base 13) in base 14?
-251b
222 (base 9) to base 8
266
-11344 (base 11) to base 6
-203503
2064 (base 9) to base 12
a64
What is -322 (base 12) in base 11?
-387
What is 2212 (base 5) in base 10?
307
Convert 2ab (base 12) to base 4.
12203
Convert -570 (base 10) to base 14.
-2ca
Convert -1201 (base 7) to base 4.
-12322
-222020 (base 3) to base 15
-323
What is 257b (base 16) in base 8?
22573
What is -1000011001101111 (base 2) in base 3?
-1202012122
What is 11123 (base 7) in base 12?
1762
Convert -b91 (base 12) to base 14.
-88d
Convert 4114 (base 6) to base 10.
910
What is -435 (base 9) in base 3?
-111012
What is -111001110 (base 2) in base 3?
-122010
Convert 538b (base 12) to base 7.
35522
Convert 20783 (base 10) to base 3.
1001111202
Convert 30024 (base 5) to base 16.
761
Convert 1c7c (base 13) to base 4.
1003220
111010110100 (base 2) to base 6
25232
-b30b (base 13) to base 11
-17601
Convert 167 (base 8) to base 2.
1110111
What is 112031 (base 4) in base 3?
1221122
101101111111 (base 2) to base 13
1455
What is -1204 (base 6) in base 8?
-444
-946 (base 10) to base 6
-4214
Convert 20d (base 15) to base 9.
564
What is -1dc (base 14) in base 9?
-473
What is 2202 (base 5) in base 14?
178
What is 6281 (base 14) in base 5?
1020334
Convert -124 (base 15) to base 2.
-100000011
492 (base 10) to base 14
272
Convert 1111000010 (base 2) to base 3.
1022122
-37a (base 11) to base 7
-1212
Convert -1563 (base 7) to base 15.
-2c3
Convert -104 (base 10) to base 13.
-80
-20153 (base 8) to base 2
-10000001101011
Convert 55612 (base 8) to base 11.
16674
Convert 1011101100 (base 2) to base 3.
1000201
What is 11433 (base 6) in base 7?
4614
What is -24404 (base 5) in base 7?
-5256
-1104411 (base 5) to base 12
-b250
What is -1741 (base 16) in base 15?
-1b6d
21533 (base 6) to base 8
5701
Convert 302505 (base 6) to base 9.
35755
What is 3896 (base 12) in base 2?
1100100110010
Convert -773 (base 10) to base 2.
-1100000101
What is -11374 (base 8) in base 11?
-3719
Convert -100000 (base 2) to base 13.
-26
Convert -541 (base 10) to base 4.
-20131
-ec (base 15) to base 16
-de
Convert -100122211 (base 3) to base 6.
-52334
What is -260 (base 16) in base 11?
-503
What is 2685 (base 9) in base 13?
bc6
Convert 22765 (base 9) to base 11.
10474
What is c8f (base 16) in base 6?
22515
21b (base 16) to base 11
450
Convert 458 (base 12) to base 5.
10034
Convert -172a (base 14) to base 5.
-113104
Convert 112343 (base 6) to base 7.
40050
What is 13065 (base 7) in base 2?
110110010101
-12151 (base 6) to base 15
-7ea
Convert -420412 (base 5) to base 16.
-3621
-48b9 (base 14) to base 5
-401312
What is -1485 (base 10) in base 8?
-2715
-10c3 (base 13) to base 11
-1852
-35243 (base 8) to base 5
-440021
1133 (base 6) to base 13
180
110001100000110 (base 2) to base 13
b700
599 (base 14) to base 9
1468
What is 132 (base 6) in base 4?
320
Convert 3be (base 15) to base 5.
11404
126 (base 16) to base 11
248
Convert -1b22 (base 15) to base 8.
-13372
Convert -30003010 (base 4) to base 2.
-1100000011000100
Convert -2020 (base 4) to base 8.
-210
265 (base 15) to base 11
456
21221 (base 5) to base 13
866
121222 (base 3) to base 4
13022
Convert 6176 (base 11) to base 7.
32610
-8027 (base 9) to base 7
-23035
What is 27f (base 16) in base 5?
10024
What is -30432 (base 5) in base 2?
-11111001000
-22073 (base 12) to base 2
-1010111111010111
-562 (base 9) to base 13
-296
-378 (base 12) to base 15
-24e
11112310 (base 4) to base 10
21940
Convert 121424 (base 5) to base 8.
11006
What is -7b03 (base 12) in base 13?
-62c7
397 (base 10) to base 13
247
3147 (base 16) to base 4
3011013
Convert 404520 (base 6) to base 3.
1122010010
Convert -2646 (base 9) to base 8.
-3702
406 (base 8) to base 7
523
-12c (base 15) to base 8
-413
What is -200101122 (base 3) in base 13?
-6146
Convert -81 (base 13) to base 7.
-210
-3ab (base 16) to base 15
-429
What is 968 (base 10) in base 9?
1285
Convert -bb (base 15) to base 12.
-128
12450 (base 6) to base 11
147a
What is -347 (base 9) in base 4?
-10132
What is 2130300 (base 4) in base 11?
75a0
What is -7138 (base 12) in base 8?
-27774
-146eb (base 15) to base 4
-100002200
Convert -1226 (base 9) to base 13.
-555
28313 (base 9) to base 3
222100110
-2b0 (base 15) to base 4
-21213
What is -1a8 (base 16) in base 5?
-3144
Convert 32422 (base 5) to base 14.
b5b
What is 5178 (base 10) in base 2?
1010000111010
What is -1d06 (base 16) in base 15?
-2305
Convert 20203322 (base 4) to base 12.
18362
-12bc (base 15) to base 13
-1a8b
Convert 111010001 (base 2) to base 16.
1d1
Convert -419 (base 14) to base 10.
-807
What is 2436 (base 13) in base 14?
1c15
-b778 (base 12) to base 10
-20108
Convert -567 (base 12) to base 4.
-30133
-25463 (base 7) to base 10
-6758
-4d4c (base 15) to base 5
-1011442
10023 (base 6) to base 11
a92
6580 (base 16) to base 9
38571
What is -9ed (base 16) in base 4?
-213231
What is 6cfc (base 16) in base 15?
8400
-2434 (base 6) to base 4
-21112
820 (base 13) to base 10
1378
Convert -682 (base 10) to base 3.
-221021
11378 (base 9) to base 5
220404
Convert -10110000101010 (base 2) to base 13.
-51b9
Convert 145 (base 14) to base 2.
100000001
Convert 27229 (base 10) to base 7.
142246
14572 (base 8) to base 5
202042
-6064 (base 7) to base 15
-954
What is -176 (base 14) in base 8?
-454
Convert 1110200 (base 3) to base 4.
100233
Convert -7b31 (base 14) to base 6.
-243035
30602 (base 7) to base 9
11252
-5527 (base 13) to base 10
-11863
What is 2777 (base 8) in base 12?
a7b
-111101000111100 (base 2) to base 14
-b592
22020222 (base 3) to base 5
143040
-1200222 (base 4) to base 13
-2a7b
Convert -1115 (base 10) to base 9.
-1468
What is -a884 (base 13) in base 2?
-101101110000110
Convert -68308 (base 9) to base 8.
-130611
Convert 8697 (base 12) to base 8.
34723
What is -835 (base 14) in base 11?
-1239
-c95 (base 15) to base 4
-230120
110100100101000 (base 2) to base 5
1330140
Convert 4156 (base 11) to base 6.
41254
Convert 272 (base 8) to base 16.
ba
Convert -1101010111000000 (base 2) to base 13.
-1bba3
What is b46 (base 15) in base 7?
10260
-1147 (base 12) to base 16
-787
Convert -b140 (base 15) to base 13.
-14049
What is -10001011 (base 3) in base 10?
-2218
20326 (base 7) to base 3
20211001
What is -210223 (base 4) in base 9?
-3187
What is 210101 (base 4) in base 6?
14425
402 (base 13) to base 4
22212
What is 221103 (base 5) in base 11?
5828
-355152 (base 6) to base 16
-78ec
What is 11030 (base 6) in base 10?
1530
2032032 (base 4) to base 10
9102
What is 11502 (base 6) in base 7?
4640
ab25 (base 16) to base 4
22230211
-a10 (base 15) to base 8
-4331
Convert -4c9 (base 14) to base 11.
-7a4
What is 1211101121 (base 3) in base 4?
20302213
Convert -13143 (base 7) to base 9.
-4730
Convert 100 (base 11) to base 16.
79
What is a54 (base 16) in base 13?
1285
4b4 (base 13) to base 5
11243
Convert 15 (base 10) to base 13.
12
What is 4129 (base 16) in base 13?
7792
5447 (base 14) to base 13
6827
What is -11914 (base 14) in base 10?
-42942
Convert cec (base 15) to base 6.
21310
What is a19 (base 15) in base 14?
b86
Convert 232 (base 6) to base 9.
112
Convert 97a8 (base 12) to base 2.
100000100110000
Convert -202201 (base 5) to base 8.
-14627
Convert -43444 (base 5) to base 15.
-d4e
What is -9949 (base 12) in base 5?
-1020110
What is -3455 (base 6) in base 8?
-1473
-60cc (base 16) to base 5
-1243110
What is 122023 (base 4) in base 13?
9bb
What is 11001011000 (base 2) in base 6?
11304
What is 521 (base 8) in base